 - 15. Let d be w/(-2 - (-285)/141). Suppose -3*a = 2*z - 61 - 2, -2*a - 3*z + d = 0. Is a composite?
False
Let f be (1 - -2 - 3)/2. Suppose f = 2*j + 122 + 176. Let a = j + 298. Is a a prime number?
True
Let x = -24 - -35. Let q(o) = o**3 - 5*o**2 - 11*o - 9. Let h be q(x). Suppose 6*a = 2*a + h. Is a prime?
True
Suppose -u = -5*l - 2894, -4502 = -2*u - 3*l + 1325. Is u a composite number?
False
Let p = -4668 + 13169. Is p composite?
False
Let o = 133 - 93. Suppose 2*i - 2*r + o = 4*i, -r - 40 = -3*i. Is i a prime number?
False
Is -10898*(5/(-20) - 5/4) composite?
True
Let o be (-3 - 83/2)*-2. Suppose 0 = -2*u + z + 4, 0 = -2*u - 2*z + 5 + 5. Suppose t - 32 = -b, 0*t - o = -u*t + 4*b. Is t prime?
True
Suppose 16 + 20 = -2*v - 4*b, -5*v - b - 63 = 0. Let z = -25 - -62. Is z - 0/(v/3) composite?
False
Let r(u) = 2*u**3 + 3*u**2 - u. Let w be r(4). Let f = -87 + w. Is f composite?
True
Is (-39216240)/(-784) + 4/14 composite?
False
Is 3/(180/8) - (-90832)/60 a prime number?
False
Let t(m) = 4 - 2 - 7 + m**2 + 4*m. Let d be t(-5). Suppose -2*r = -b - 423, d*r - 3*b + 208 = r. Is r a composite number?
False
Suppose 0*s + 4*d = -s - 13, -s - 2*d - 5 = 0. Suppose s*x + 69 = 666. Is x composite?
False
Suppose -4*r = -8486 - 5886. Is r composite?
False
Let t(n) = 3*n**2 + n + 3. Let u(b) = -2*b - 3. Let a be u(-4). Is t(a) prime?
True
Is (15736/(-12))/((-16)/24) prime?
False
Suppose 5*m = -51*p + 48*p + 42302, -4*m + 14103 = p. Is p a prime number?
False
Let t = -659 + 1105. Let p = 1323 - t. Is p prime?
True
Let t(z) = -11*z**3 - 3*z + 1. Let g(k) be the third derivative of -k**5/60 + k**4/24 + k**3/2 + 9*k**2. Let v be g(3). Is t(v) a prime number?
True
Is 24432 - ((-21)/4 - 10/(-40)) a composite number?
True
Suppose 145 = -0*x - 5*x. Let l = x + 60. Is l composite?
False
Is (-97790)/(-26) + 22/(-143) a prime number?
True
Is 219*(-144)/(-12) - -5 a composite number?
False
Let h(n) = 1397*n - 25. Let x be h(5). Suppose 0*f = 5*f - 5*d - x, f = 4*d + 1395. Is f a composite number?
True
Let i = 136962 - 72089. Is i composite?
True
Let l(r) = -2*r**3 - 8*r**2 + 13*r + 10. Is l(-11) composite?
True
Let m = -108 - -24. Let o = m + 143. Is o prime?
True
Let n = 44022 - 28927. Is n composite?
True
Let g(k) = -2*k**2 - 34*k - 7. Let z(b) = -9*b + 57. Let u be z(8). Is g(u) a composite number?
False
Suppose 5*c - 714925 = -212*m + 207*m, 0 = c - 2*m - 142985. Is c composite?
True
Suppose -3*l = -5*p - 2489, l - 3*p + 5*p = 848. Is l composite?
True
Let i(s) be the second derivative of 0*s**2 + 12*s + 0*s**3 + 127/12*s**4 + 0. Is i(1) a prime number?
True
Let h(p) = -33*p + 7. Let j(r) = 5*r**2 + 4*r + 10. Let i(q) = -4*q**2 - 5*q - 9. Let t(m) = -4*i(m) - 3*j(m). Let v be t(-6). Is h(v) a prime number?
False
Let s = 9 - 5. Let d(b) = 9*b + 18. Let u be d(28). Suppose -s*k + u = o, 1108 = 4*o + 4*k + 76. Is o composite?
True
Suppose -6*q + 4*q + 180 = 0. Suppose -a = q - 3021. Is a a prime number?
False
Let t(z) = 220*z + 11. Let j(b) = -b. Let r(w) = 2*j(w) - t(w). Is r(-4) a composite number?
False
Let x(s) = s - 1. Let y(i) = 284*i + 17. Let b(h) = 2*x(h) - y(h). Is b(-12) a prime number?
False
Let y(n) = n**3 - n**2 - 2*n + 78. Let l be y(0). Let r = l - -109. Is r a prime number?
False
Suppose -43 = -2*j - 33. Let q(s) = 57*s**3 - 4*s**2 - 5*s - 3. Is q(j) a composite number?
False
Suppose 9 = -3*d + 42. Suppose 3*f = d*f - 3032. Is f a prime number?
True
Is ((-24)/((-48)/6))/(4/54092) prime?
False
Suppose -58*y + 458175 = 17*y. Is y a composite number?
True
Suppose 2*x = 3 + 19. Let o = 16 - x. Suppose -o*r + 968 = -347. Is r composite?
False
Suppose 3 + 17 = 5*c. Let q be (-9)/(-6) - 2*2/(-8). Suppose q*v - 292 = -c*d, 87 = d + v + 3*v. Is d a composite number?
False
Suppose -5*p = 4*i - 72, -i + 2 = 4. Let a = -12 + p. Suppose -a*z - 4*v = -1512, -4*z + 1515 = v + 2*v. Is z prime?
False
Suppose 5 = 2*j - 1. Suppose -a + j*w = -7, 4*a + 5*w + 1 = 3*a. Suppose 3*s - 30 = -3*p, 0 = -5*p - a*s + 46 + 9. Is p a prime number?
False
Let r = 83 - -160. Let t = r + 716. Is t prime?
False
Let g be (-4)/16 - 3/(-12). Suppose 3*h = x + 226, h + 698 = -3*x - g*h. Let t = x + 441. Is t prime?
False
Let y(s) = 206*s + 5. Let r be y(2). Let i be 72/(-27)*r/(-4). Suppose 10*j - i = 8*j. Is j prime?
True
Let k be ((-4)/2 + 1)*28. Let a = -18 - k. Is ((-328)/a)/((-4)/10) a composite number?
True
Suppose 0 = 2*b + 3*m + 5 - 3, -5*b + 3*m - 26 = 0. Let w(s) = -3*s**2 + 3. Let p be w(3). Is (887/b)/(6/p) a composite number?
False
Is (43/86)/((-83990)/41996 - -2) composite?
False
Suppose 2*r = -1 + 7. Suppose -r*u - 9 = 9. Let y(b) = -21*b + 3. Is y(u) a prime number?
False
Let d(u) = 11*u**3 - 2*u**2 - 3*u - 5. Let l be d(7). Suppose 1467 = 4*p - l. Is p prime?
True
Let t be (124/6)/((-1)/(-12)). Suppose 19*i - 8751 = 426. Let x = i - t. Is x a prime number?
False
Suppose -3*i - r - 2495 = 0, r = 2*i + 2*r + 1664. Let x = -484 - i. Is x composite?
False
Let i be ((-16)/6 + 2)/((-32)/144). Suppose -i*c - 9 = 0, 4*z - z - c = 2904. Is z a prime number?
True
Let f be 45/4 - 15/60. Suppose 2*i + f*i = 5447. Is i prime?
True
Let g = 33 + -17. Suppose -j = 5*k + 1, k + g = 3*j - 3*k. Suppose 4*u = -3*q + 4160, j*u + 2*q + 285 = 4449. Is u a composite number?
True
Let j(h) = 739*h**2 + 29*h - 341. Is j(16) a composite number?
False
Suppose -85*q + 383902 = -27*q. Is q a composite number?
False
Let n(z) = 151*z + 5. Let p = 1 - -5. Is n(p) composite?
False
Let s(n) = 1 - n**2 + 4*n**3 + 3 - 3*n**3 - 1. Is s(5) a prime number?
True
Suppose 2*p - 3 = 5*g + 4, 5*p = 3*g + 8. Is 24/8 - (-416 + g + 1) composite?
False
Suppose -k + 210 = 4*k. Suppose -23 = -3*p + 5*y, 4*p + 0*y = -5*y + 19. Suppose 612 = p*c - k. Is c prime?
True
Suppose -b - 11*a + 12*a + 2836 = 0, -2*a - 14183 = -5*b. Is b a composite number?
False
Suppose 3*t + 6 = 3*z, -10 = t + 4*t. Suppose -i = -z*i - 6. Suppose 1348 = 3*l - u, -l = i*u - 5*u - 448. Is l prime?
True
Let l = 122299 - 82318. Is l prime?
False
Let v(w) = 56*w**2 + 5*w + 4. Let g(m) = 19*m**2 + 2*m + 1. Let p(z) = -17*g(z) + 6*v(z). Is p(4) prime?
True
Is (1 - 9885/20)*-2*22 a prime number?
False
Suppose -18251 = -2*b - 8*f + 3*f, 0 = 3*f + 9. Is b composite?
False
Let l(q) be the third derivative of q**6/360 - q**5/20 - q**4/6 - 2*q**3 - 7*q**2. Let x(o) be the first derivative of l(o). Is x(9) prime?
True
Suppose 30 + 10 = 2*j - 5*n, -2*n = -3*j + 49. Let z = j - 10. Suppose 0 = -0*x - z*x + 415. Is x a prime number?
True
Let x = -357 - -1036. Is x a composite number?
True
Let p(v) = 65*v - 7. Let d be p(26). Suppose -4*s + 566 = f, -3*f + 8*s = 5*s - d. Is f prime?
False
Suppose 3*c + 2*y - 403 = 0, 2*y = c - 0*y - 137. Let h = c + 164. Suppose -452 = -j + h. Is j prime?
True
Suppose -d - 2 + 7 = 0. Suppose 4*y + 4*l - 3008 = -1168, d*y - 2314 = 2*l. Let g = y + -125. Is g prime?
True
Let w = -9 + 14. Suppose 2*c + 38 = w*a + 5, 4*a = -5*c. Is c/5*(-455)/14 a composite number?
True
Let k = 43421 - 1836. Is k a composite number?
True
Let x be 0/(3 + (3 - 5)). Let i be 24/(-9)*(-3 - x). Let q(l) = 18*l + 5. Is q(i) prime?
True
Let c(m) = -m**2 + 6*m + 32. Let y be c(10). Is 3/(-4) - (3750/y - 1) a prime number?
False
Let d(o) = 10*o**2 - 54*o - 41. Is d(29) a prime number?
True
Suppose 3*p = 4*y - 4 - 12, 3*p + 9 = -3*y. Suppose -y = -5*k - w + 3, 12 = 5*k + 3*w. Suppose k*r + r + 1080 = 2*a, 0 = 3*r - 6. Is a composite?
False
Is (1 - -12757)*((-105)/(-10) + -10) a composite number?
False
Let i(g) = -3*g + 2 - 17 + g. Let r be i(-10). Let d(q) = 38*q - 12. Is d(r) a composite number?
True
Suppose -4*x + 5*u = -7, x + 11 = -4*u + u. Is x/(2*-6) - (-216622)/84 a composite number?
False
Is (-5 - -4)*(-104035)/(1 + 4) a composite number?
False
Let q(h) = 125*h**2 - 6*h + 2. Let u be q(2). Suppose -u = -5*f + 265. Suppose 4*p - 61 - f = 0. Is p a composite number?
False
Suppose -4*s = 4*u - 4264, 4*u - 2566 = s + 1713. Is u composite?
False
Suppose -u - 2 = 0, 7*a = 2*a - 5*u + 3935. Let c = -757 + 1157. Let h = a - c. Is h a composite number?
False
Let q(p) = 11*p**2 - 6*p + 9*p**2 - 18*p - 8*p**2 - 5. Is q(-19) composite?
False
Let b = -36 + 38. Suppose -5*f + 2431 = b*r, -8*r - f = -9*r + 1212. Is r prime?
True
Suppose -4*d + 4*s = -592, s - 4*s = -